is the tens digit of c?
4
Let a = -959 - -961. Suppose -a*u + 5*z + 2865 = 0, -8*u + 5*u - z = -4272. What is the hundreds digit of u?
4
Let w(o) = -9*o - 52. Let r be w(-6). Suppose -r*j + 151 = 5*l, 5*l = j - 0*l - 83. What is the units digit of j?
8
Let h = 149 + -113. Let t = -65 + 53. What is the units digit of 9063/h + 0 + (-3)/t?
2
Let i be (-6)/(-2)*(-202)/3. Suppose -6*w + w - 4*y - 338 = 0, -w + 4*y = 82. Let q = w - i. What is the hundreds digit of q?
1
Let q(p) = -7*p + 3. Let t be q(1). What is the hundreds digit of 594 - (6 - (3 + t))?
5
Suppose -x - 25*f + 5152 = -26*f, 3*x - 15446 = -2*f. What is the units digit of x?
0
Suppose 537*s - 17273730 = 10545555. What is the hundreds digit of s?
8
Suppose 415*c - 83476 = 374*c. What is the units digit of c?
6
Suppose -194 = 4*p - 210. Suppose -j - 55 = -295. Suppose -5*t - k + j = 0, -t + 52 = 5*k - p*k. What is the units digit of t?
7
Let i(z) = 41*z + 15. Suppose 317 = 3*y + 299. What is the units digit of i(y)?
1
Let y(r) = -4*r - 26. Let p(o) = 7*o + 54. Let m(b) = 3*p(b) + 5*y(b). Let q be 2/(-9) - 1845/81. What is the units digit of m(q)?
9
Suppose 2*r = 4*f - 118286, 3*f - 36*r + 40*r - 88742 = 0. What is the tens digit of f?
7
Let o = 733 + -292. Let t = 706 - o. What is the hundreds digit of t?
2
Let q be 2/(-4)*3*(-117 + 35). Suppose q*u - 132*u = -4050. What is the units digit of u?
0
Suppose -576 = 10*g + 234. What is the units digit of (-1792)/(-42)*g/(-12)?
8
Let i(g) be the second derivative of -g**5/10 - g**4/3 - g**3 - 3*g**2 - 2*g + 1. What is the units digit of i(-4)?
2
Let t be (0 - (-2043)/(-2))*(-112)/(-56). Let c = 3074 + t. What is the thousands digit of c?
1
Suppose -3 = y - 5. Suppose y*i - 2 = o, -o + 2 = -0*o + 2*i. Suppose -f + o*f + 58 = 3*k, 43 = 2*k + 5*f. What is the tens digit of k?
1
Let q(u) = 17*u - 48. Let s = -561 + 573. What is the hundreds digit of q(s)?
1
Let j = 112 - -21486. What is the hundreds digit of j?
5
Let m be (1/2)/((-1)/(-4)). Suppose 3*t + a = 0, 0 = -5*t + a - 2*a. What is the tens digit of 3 - -80 - (t + m)?
8
Suppose 0 = 2*n - 4*v - 6 - 8, 3*n = 4*v + 19. Suppose -x + 102 = -n*u - 73, 3*x - 545 = -5*u. What is the hundreds digit of x?
1
Suppose 447*o + 248*o + 393142 = 20379257. What is the tens digit of o?
5
Let j be (-3)/((27/2304)/((-3)/(-12))). What is the hundreds digit of (485 - -4)/((-48)/j)?
6
What is the ten thousands digit of (110/15 - 8)*12 + 12295?
1
What is the ten thousands digit of (1 - 0)*(-35)/(-10)*(-1408890)/(-245)?
2
Let c(m) = -648*m + 6. Suppose -28 = 3*v + 5*w, 3*v - 3*w = -3 + 15. What is the hundreds digit of c(v)?
6
Suppose 25*l - 71367 - 40258 = 0. What is the thousands digit of l?
4
What is the hundreds digit of 18*((-139139)/(-117) + -3)?
3
Let h(j) = -j**3 - 6*j**2 - 8*j - 5. Let o be h(-4). Let t be (o/3)/(2/18). What is the tens digit of t/(-10)*34/3?
1
Let a = 7686 + 8160. What is the thousands digit of a?
5
Suppose 316*n + 112387 - 55024 - 1651583 = 0. What is the thousands digit of n?
5
What is the ten thousands digit of (32836/10)/(-9 - (-230)/25)?
1
Let d(o) = -19*o + 4. Let m be d(1). Let n be -3 + (-65)/m + (-1)/3. What is the units digit of -165*-2*n/6?
5
Let i(h) = 46*h + 4618. What is the hundreds digit of i(99)?
1
Let f(v) = 2*v**3 + 19*v**2 + 2*v + 36. What is the hundreds digit of f(-6)?
2
What is the hundreds digit of (5 + (-6825)/10)*308/(-10)?
8
Suppose 4*c - 56 = 4*a, -6*a + 23 = -8*a + c. Let z(d) = -8*d**2 + 7 + 2*d**3 + 16*d - 3*d**3 + d**2. What is the units digit of z(a)?
5
What is the hundreds digit of 13/(-1)*(-1191 - 3)*(-16)/(-24)?
3
Let d(g) = -61*g - 924. Let n be d(-21). Suppose 5*r - 4*t = -4, 3*r - 3 = -t - 2*t. Suppose r = -4*j + 1309 - n. What is the hundreds digit of j?
2
Let g(q) = q**3 + 20*q**2 - 11*q - 14. Suppose -5*n = -6*n + 4, -5*k = -5*n + 115. What is the tens digit of g(k)?
5
Suppose 2*m + 2*m = -4*f + 180216, 180160 = 4*f - 3*m. What is the thousands digit of f?
5
Let q = -4951 - -13383. What is the tens digit of q?
3
Suppose 0 = -7*r + 57 + 13. Suppose 12*j = r*j + 1572. What is the units digit of j?
6
Let c(y) = 2*y**3 - 13*y**2 - 10. What is the hundreds digit of c(17)?
0
Let h be (2/(-4))/(((-37)/6)/37). Let u = 2 + 0. Suppose u*i + 0*n - n = 52, h*n + 36 = i. What is the units digit of i?
4
Let q = -16 + 19. Suppose 0 = -x + q + 7. Let r = x + -6. What is the units digit of r?
4
Let j = -81689 - -119833. What is the thousands digit of j?
8
Let b = -19635 - -29749. What is the hundreds digit of b?
1
Let s(k) = -19*k - 24*k**2 + 86*k**2 + 7 - 2 - 16*k**2 + k. What is the hundreds digit of s(-3)?
4
Suppose 3*n = 6*n - 240. Suppose 0 = -a + n - 6. Let x = 119 - a. What is the tens digit of x?
4
Suppose 0*b = -b + 9. Suppose -k + 111*u = 112*u + 1906, u - 5726 = 3*k. What is the tens digit of (-3)/b*k/6?
0
Suppose 26556 = 2*i + 4*f, 146*i + 5*f = 148*i - 26538. What is the units digit of i?
4
Let m(k) = -5*k + 52. Let j be m(13). Let f = j - -43. Suppose -f*l + 28*l + 100 = 0. What is the units digit of l?
0
What is the units digit of ((-25)/125)/(2/(-90)) + 34487?
6
Let j(u) = 9*u + 18*u + 2*u - 3 + u. What is the hundreds digit of j(15)?
4
Suppose -4*f - 45959 + 568 = -3*b, b = -4*f + 15109. What is the units digit of b?
5
Suppose 4*x + 4*q = 97180, -25*x - q - 48611 = -27*x. What is the ten thousands digit of x?
2
What is the tens digit of (7/(-21))/(-3*1/356814)?
4
Suppose 4*i + 74 = 802. Let n be (5/3)/((-1)/(-30)*25). Suppose n*g = 9*g - i. What is the units digit of g?
6
Suppose 0 = -3*r + 271 + 62. Let h = 4 + -1. Suppose r = 6*v - h*v. What is the units digit of v?
7
Let t(p) = -p**2 + 17*p - 35. Let d be t(14). Let m be 10/55 - (-4 + 1900/44). What is the tens digit of -1*1*(35/d + m)?
3
Let o = -34901 - -70248. What is the units digit of o?
7
Let m = 21753 - 20729. What is the hundreds digit of m?
0
Suppose 0 = 30*p - 72*p + 84. Suppose 0 = -0*i - 4*i - 176. What is the hundreds digit of ((-33)/i)/(p/304)?
1
What is the thousands digit of (-12)/(-40)*-5*(0 - (-99618)/(-9))?
6
Let t be 80/(-4)*(-14)/8. Let g = t + -33. What is the tens digit of 3220/44 + g/(-11)?
7
Suppose w = 5*a - 18, 3*a - 15 = -5*w + 7. Suppose 5*t = 8 + w. Suppose 3*m - 11 = t*m. What is the units digit of m?
1
Suppose 0 = -237*q + 252*q - 159450. What is the ten thousands digit of q?
1
Suppose -3*i - 2*i = -60. Suppose 3*l + l + 8 = 0, 2*h + 2*l = -i. What is the units digit of -1*617/h + 1/(-4)?
4
Suppose -7*s = s. Let f(w) = w + 16 + 18 + 10. What is the tens digit of f(s)?
4
Suppose 0 = -u + 3*n - 257, u - 43*n = -42*n - 251. Let d = 390 - u. What is the tens digit of d?
3
Suppose r + r = 1342. Suppose r = 20*g - 1449. What is the hundreds digit of g?
1
Let p = -215 - -217. Suppose 5*l = 4*c - 2462 + 514, -976 = -p*c + 3*l. What is the hundreds digit of c?
4
Let z(l) = -l**2 + 5*l + 16. Let f be (0/1)/4 - -15. Let s be z(f). Let n = s - -241. What is the hundreds digit of n?
1
Let w be (29 - 27)*94/4. Suppose -38154 = -w*y + 43814. What is the hundreds digit of y?
7
Suppose 43274 = 5*q + 3*p, 30*q + p - 34622 = 26*q. What is the hundreds digit of q?
6
Suppose 0*n = -5*n - 50. Let l(s) = -5*s - 5*s + 0*s + 11*s + 27. What is the tens digit of l(n)?
1
Suppose 8*u = 8088 + 29640. What is the thousands digit of u?
4
Suppose 5952471 = 135*y - 1087374. What is the thousands digit of y?
2
What is the tens digit of 6184/11 + 324/(-1782)?
6
Suppose 36*y - 84414 - 73227 = -15*y. What is the thousands digit of y?
3
Let y be (16 + -5)*(1 + 0). Suppose y*h = -0*h + 3751. Suppose 6*r - 17*r = -h. What is the tens digit of r?
3
Suppose -14408 = -4*m + t, 5*m + 429*t - 427*t = 17997. What is the units digit of m?
1
Suppose 2*k - 16 = 0, 37756 - 227796 = -4*h - 3*k. What is the thousands digit of h?
7
Let x(u) = 7 + 9*u - 16*u + 0*u. Let f be x(0). Suppose -4*s + f = -9. What is the units digit of s?
4
Let p be ((-766)/(-3))/((-64)/96). Let o = 1175 + p. What is the units digit of o?
2
Let u = -11752 + 14744. What is the thousands digit of u?
2
Suppose 25060 - 68377 = -14*c + 69467. What is the tens digit of c?
5
Let n = 399 - 657. Let o = n + 600. What is the hundreds digit of o?
3
Suppose 47*t = 72*t - 494725. What is the ten thousands digit of t?
1
Suppose 0 = 9*i - 4*i + 2*